or of c and 6248.
88
Let h = -1130 - -1169. Calculate the greatest common divisor of h and 2301.
39
Let c(f) = f**2 + 1. Let x be c(-2). Suppose 0 = x*g - 143 - 7. Suppose -951 = 6*m - 1023. Calculate the greatest common divisor of m and g.
6
Suppose -3*m + 66 + 114 = 0. Suppose 29*z + 2*o + 5 = 24*z, -3*z + 2*o = -13. Let p be ((-10)/100 + 604/40)/z. What is the greatest common factor of p and m?
15
Let q = -238 - -176. Let o = q - -102. What is the highest common divisor of o and 50?
10
Let s be 2068/(-55)*20475/(-70). What is the greatest common divisor of s and 24?
6
Suppose -20 = -5*n + 6*n. Let i = -17 - n. Suppose -2*b = 3*c - 5 - 9, i*b = 3. What is the highest common factor of c and 44?
4
Let q(h) = 4*h**2 - 11*h + 41. Let a be q(18). Calculate the greatest common factor of a and 34.
17
Suppose 4*w = -u - 0*w - 12, 5*u - 4*w - 36 = 0. Let n be -6 - -69*(-24)/9. Let y = n - -234. What is the greatest common factor of y and u?
4
Let d(y) = 28*y + 779. Let h be d(12). Calculate the highest common divisor of h and 25.
5
Suppose 5*v - 42 = s, 103*s - 4*v = 108*s - 51. Let w(m) = -8*m**2 - m - 1. Let o be w(-1). Let f = o - -20. Calculate the highest common divisor of f and s.
3
Let a be 6*(-6)/(-45)*5. Suppose 0 = a*t - 3*t - 60. What is the greatest common factor of t and 15?
15
Let t(z) = -z**2 + z + 4. Let h be t(0). Let s = 225 - 137. Suppose 0 = -3*r + s - 52. Calculate the highest common factor of r and h.
4
Let u be (0/2)/((-8)/4). Suppose u = -0*r - r + 20. What is the highest common divisor of r and 15?
5
Let b(x) = x**3 + 16*x**2 - 26*x - 1. Let r be b(-11). Calculate the highest common factor of r and 70.
10
Suppose 692 = 2*g + x, x + 977 + 51 = 3*g. What is the highest common divisor of g and 3?
1
Suppose 4*k + 2*a - 12 = -a, 4*k - 12 = 4*a. Suppose g + 0*g + q = k, q = 0. Suppose 0 = g*m - 47 - 22. Calculate the greatest common factor of 69 and m.
23
Let j be (15/(-4))/(-3) + (1866375/180)/105. What is the greatest common divisor of j and 2050?
50
Let b(g) = -97*g + 16080. Let z be b(158). What is the greatest common divisor of z and 182?
26
Let w be (-33)/(-9) - 5/(-15). Let g be -1 + w - (3 + -3). Suppose -g*s + 15 = 0, -v - 2 - 4 = -5*s. What is the highest common divisor of 133 and v?
19
Let v(t) = 43*t + 7. Let h be v(3). Suppose 6*j = 2*j + h. Let l = j + -20. What is the greatest common factor of l and 2?
2
Let x(h) = -h - 8. Let t be x(-7). Let a be t/(3/30*-2). Suppose -3*n + 25 = -y, -5*n + 5*y = -25 - 0. Calculate the highest common divisor of n and a.
5
Let a(d) = 2*d**2 - 16*d + 16. Let h be a(11). Suppose -7*m + 12*m - 2*s = h, 43 = 3*m + 5*s. What is the highest common divisor of m and 112?
16
Let p be (-2*1 + 0)*-12. Let y(m) = m**3 - 43*m**2 + 104*m - 4172. Let g be y(43). Calculate the highest common factor of g and p.
12
Suppose 0 = 10*z + 2*z + 12. Let n be -4 - -5 - 18/z. Let b = n - 12. What is the highest common factor of b and 35?
7
Let q(g) = -4*g**3 + g + 1. Let d be q(-2). Suppose d*i + 4224 = 53*i. Suppose 0 = 2*u - 44 - 4. Calculate the highest common divisor of u and i.
24
Suppose -9*d = 4*d + 12441. Let r = -572 - d. What is the highest common divisor of r and 35?
35
Suppose 42 = y - 2*c, -3*y + 8*c + 111 = 5*c. Suppose -y*n = -33*n + 51. Calculate the greatest common factor of n and 85.
17
Let j(i) = i**2 - 11*i - 4. Let r be j(11). Let p be ((10530/(-12))/(-15))/((-2)/r). What is the highest common factor of p and 39?
39
Let k(o) = -o**3 - 30*o**2 + 28*o - 38. Let v be k(-31). Suppose -3*s + 80 = -v. What is the highest common divisor of s and 75?
15
Let y(f) = -f**3 - 3*f - 291. Let o be y(0). Let t = o + 308. Calculate the greatest common divisor of 17 and t.
17
Let t(f) = -96*f - 396. Let k be t(-23). What is the highest common factor of k and 151?
151
Let z be (-168)/(-32) + (-4)/16 - -55. Suppose -6 = 2*v, -w - 634 = -3*w - 2*v. Suppose w = 10*m - 6*m. Calculate the highest common divisor of z and m.
20
Let v = 179 - 62. Suppose 0 = 15*q + 2 + 88. Let x(g) = 16*g + 135. Let r be x(q). What is the greatest common factor of r and v?
39
Let k be (-30850)/(-90) + 8/36. Suppose 9*q - k = 3383. Calculate the highest common factor of 46 and q.
46
Let w(t) = -22 + 4 + 6*t - 9*t. Suppose -2*a + 59 = -5*b, -3*b - 84 = 5*a - 30. Let i be w(b). Calculate the highest common divisor of i and 105.
21
Let t = 1974 - 1952. Calculate the highest common divisor of t and 275.
11
Let c(g) = -g + 13. Let o be c(0). Let d(s) = -31 + 24 + 23*s - 17. Let b be d(5). Calculate the highest common factor of o and b.
13
Let l be (-6)/(-8)*-2*1824/(-36). Let o be (13 - -3 - 7) + l. What is the greatest common factor of o and 1020?
85
Let w = -6 + 11. Let h(v) = 16*v + 10. Let g be h(w). Suppose 3*d - 18 = 12. Calculate the highest common factor of g and d.
10
Let b(z) = z - 2. Let k = 4 + -10. Let n be b(k). Let w = 6 - n. What is the greatest common divisor of 7 and w?
7
Let g be 3 + -1 - (1 + -6). Suppose -5*z + 2*o - 905 = 0, -5*o + 465 = -2*z + 82. Let y be 3/7 - z/g. Calculate the greatest common divisor of 91 and y.
13
Let p be (-2)/((-104)/5538)*((-21)/(-9) + -1). Calculate the highest common divisor of 4615 and p.
71
Suppose 5*c + 4486 = 7*c - m, 6740 = 3*c + 4*m. What is the highest common factor of c and 264?
132
Let h = 372 + -8. Suppose 0 = -143*z + 130*z + h. What is the greatest common divisor of z and 20?
4
Let u(l) = l**2 + 8*l - 10. Let t be u(-12). Suppose -3*d + 23 = 23, -3*d = 5*f - 380. What is the highest common divisor of f and t?
38
Let z(c) = 7*c**2 - 683*c + 2037. Let h be z(3). What is the greatest common factor of 323 and h?
17
Suppose 685 = 5*f - 5*i, 3*i + 19 - 7 = 0. Let h = 187 + f. Suppose -4*w + h = -384. Calculate the highest common divisor of w and 16.
16
Let o(u) = u**3 - 101*u**2 - 1466*u + 157. Let x be o(114). What is the highest common factor of x and 7?
7
Suppose -3*b = -3*x + 1119, 5*x - 792 = 3*b + 1077. What is the highest common factor of 900 and x?
75
Suppose 0 = -20*b + 17*b + 5*u + 10608, -3*u + 18 = 0. What is the highest common divisor of b and 54?
18
Suppose -5*i = z - 382, 428 = 4*i + z + 122. Calculate the greatest common factor of 8 and i.
4
Let z = -11 - -13. Suppose l + 3*l = 16, -l + 10 = 3*y. Suppose 3*w - 65 = 3*q - 5, y*w = 5*q + 52. Calculate the greatest common factor of w and z.
2
Suppose u - 19 = -4*c - 8, -4*c + u = -21. Calculate the highest common divisor of c and 652.
4
Let i = 16 + 7. Suppose -3*k + 3*j - 6 = -30, -5*j = -k + 28. Suppose -5*r + 8*t = 3*t - 255, -4*r + 169 = k*t. Calculate the highest common factor of r and i.
23
Let c be (36/10)/(2/40). Let z(r) = 936*r - 5256. Let m be z(6). Calculate the greatest common factor of c and m.
72
Let v = -6118 + 6658. Calculate the highest common factor of v and 132.
12
Suppose -52*m + 2883 - 387 = 0. Suppose 2*g + 74 = 4*d, -44 = -3*d - 5*g + 5. Calculate the greatest common factor of d and m.
6
Let z(f) = 8*f**3 - f**2 - 26*f + 24. Let q be z(8). Suppose -q = 20*b - 13208. What is the greatest common divisor of b and 24?
12
Let k(g) = -2*g**3 + 19*g**2 - 6*g + 3. Let n be k(8). Let u = -844 + 886. Calculate the highest common divisor of n and u.
21
Suppose 228*t - 1577 = 703. Calculate the highest common factor of 4390 and t.
10
Suppose 0*h + 7*h - 3*h = 0. Suppose h*m = 3*m + 216. Let q be (m/(-6))/(3/2). What is the greatest common divisor of q and 8?
8
Let r be (77/(-55))/((-33)/(-385))*(-313 - -1). Calculate the highest common factor of 24 and r.
8
Let n(j) = 5*j + 32. Let z be n(9). Suppose -9 = 3*m + 6, 2*m - 78 = -4*o. Calculate the highest common factor of o and z.
11
Suppose -6*b + 516 = -b - 4*f, 2*b - 205 = 3*f. What is the greatest common factor of b and 504?
8
Let g be 550 - -13 - (0 - -2). Let i = 140 + -74. What is the greatest common factor of g and i?
33
Suppose 3*g + 3 = -5*h, 5*g - 8*h + 10*h - 14 = 0. Calculate the highest common divisor of 50 and g.
2
Suppose -2*k = -4*n - 5*k + 365, -175 = -2*n + k. Let y = n - 71. What is the greatest common divisor of y and 78?
6
Let m be 4080/135 + (-2)/9. Let k be 2/(1 - 4/8). Let b(z) = 5*z - 8. Let u be b(k). Calculate the greatest common divisor of u and m.
6
Suppose 3*j + 12 = 120. Suppose -42*g + 38*g - 30 = -l, l + g = 35. Let i = j